{"id":7478,"date":"2021-10-31T00:05:43","date_gmt":"2021-10-30T21:05:43","guid":{"rendered":"https:\/\/sionsolution.ro\/shop\/?post_type=product&#038;p=7478"},"modified":"2022-01-28T11:26:51","modified_gmt":"2022-01-28T09:26:51","slug":"statie-incarcare-pure-ii-22-kw-cu-cablu-type-2-45-m","status":"publish","type":"product","link":"https:\/\/sionsolution.ro\/shop\/ro\/statie-incarcare-pure-ii-22-kw-cu-cablu-type-2-45-m\/","title":{"rendered":"Statie Incarcare PURE II &#8211; 22 kW cablu Type 2, 4,5 M"},"content":{"rendered":"<p>[vc_row][vc_column][vc_tta_accordion][vc_tta_section title=&#8221;Functionare&#8221; tab_id=&#8221;1635600055832-f0eddd51-606c&#8221;][vc_column_text]<\/p>\n<p>U\u0219or, sigur, practic \u0219i rapid &#8211; sta\u021bia de \u00eenc\u0103rcare Webasto Pure ofer\u0103 o capacitate personalizat\u0103 de \u00eenc\u0103rcare,<br \/>siguran\u021b\u0103 maxim\u0103 \u0219i comoditate absolut\u0103.<\/p>\n<p>Re\u00eenc\u0103rcarea autoturismelor electrice este incredibil de u\u0219oar\u0103 \u0219i rapid\u0103 cu\u00a0aceast\u0103 sta\u021bie de \u00eenc\u0103rcare c\u00e2\u0219tig\u0103toare a numeroase premii.<\/p>\n<p><b>Garantie: 60 LUNI<\/b><\/p>\n<p>[\/vc_column_text][\/vc_tta_section][vc_tta_section title=&#8221;Continut&#8221; tab_id=&#8221;1635600055847-c4c134cf-9909&#8243;][vc_column_text]<\/p>\n<ul>\n<li>Capacitate de \u00eenc\u0103rcare configurabil\u0103 \u00eentre 3,7 \u0219i 22 kW\u00a0 -Pentru toate autoturismele electrice \u0219i plug-in hibride cu conectori Type 2<\/li>\n<li>Cablu de \u00eenc\u0103rcare de 4,5 m integrat,<\/li>\n<li>\u00cenc\u0103rcare mai rapid\u0103 \u0219i \u00een mai mare siguran\u021b\u0103 dec\u00e2t de la o priz\u0103 conven\u021bional\u0103 casnic\u0103<\/li>\n<li>Afi\u0219area st\u0103rii de func\u021bionare a sta\u021biei de \u00eenc\u0103rcare cu LED<\/li>\n<li>Controlul accesului cu cheie<\/li>\n<li>Instalare u\u0219oar\u0103 \u0219i pornire rapid\u0103<\/li>\n<li>Sta\u021bie de \u00eenc\u0103rcare u\u0219or de utilizat (plug &amp; play)<\/li>\n<li>\u201cMade in Germany\u201d calitate f\u0103r\u0103 compromis<\/li>\n<\/ul>\n<p>[\/vc_column_text][\/vc_tta_section][vc_tta_section title=&#8221;Fisa tehnica&#8221; tab_id=&#8221;1635600142399-ae4ae8a4-25ac&#8221;][vc_single_image image=&#8221;7482&#8243; img_size=&#8221;full&#8221; alignment=&#8221;center&#8221; onclick=&#8221;link_image&#8221;][\/vc_tta_section][vc_tta_section title=&#8221;Aplicatii&#8221; tab_id=&#8221;1635600194454-dd610b8d-beb3&#8243;][vc_column_text]https:\/\/charging.webasto.com\/ro-ro\/#c45357[\/vc_column_text][\/vc_tta_section][\/vc_tta_accordion][\/vc_column][\/vc_row]<\/p>\n","protected":false},"excerpt":{"rendered":"<p>[vc_row][vc_column][vc_tta_accordion][vc_tta_section title=&#8221;Functionare&#8221; tab_id=&#8221;1635600055832-f0eddd51-606c&#8221;][vc_column_text] U\u0219or, sigur, practic \u0219i rapid &#8211; sta\u021bia de \u00eenc\u0103rcare Webasto Pure ofer\u0103 o capacitate personalizat\u0103 de \u00eenc\u0103rcare,siguran\u021b\u0103 maxim\u0103 \u0219i comoditate absolut\u0103. Re\u00eenc\u0103rcarea autoturismelor electrice este incredibil de u\u0219oar\u0103 \u0219i rapid\u0103 cu\u00a0aceast\u0103 sta\u021bie de \u00eenc\u0103rcare c\u00e2\u0219tig\u0103toare a numeroase premii. Garantie: 60 LUNI [\/vc_column_text][\/vc_tta_section][vc_tta_section&#8230;<\/p>\n","protected":false},"featured_media":7628,"comment_status":"closed","ping_status":"closed","template":"","meta":[],"etheme_brands":[],"product_cat":[79],"product_tag":[],"class_list":["post-7478","product","type-product","status-publish","has-post-thumbnail","hentry","product_cat-produse"],"yoast_head":"<!-- This site is optimized with the Yoast SEO plugin v18.0 - https:\/\/yoast.com\/wordpress\/plugins\/seo\/ -->\n<title>Statie Incarcare PURE II - 22 kW cablu Type 2, 4,5 M - Sion Solution Srl<\/title>\n<meta name=\"description\" content=\"Statie Incarcare PURE II - 22 kW cu Cablu Type 2 - 4,5 M - Sion Solution Srl. Vezi toate produsele - Cumpara Acum!\" \/>\n<meta name=\"robots\" content=\"index, follow, max-snippet:-1, max-image-preview:large, max-video-preview:-1\" \/>\n<link rel=\"canonical\" href=\"https:\/\/sionsolution.ro\/shop\/ro\/statie-incarcare-pure-ii-22-kw-cu-cablu-type-2-45-m\/\" \/>\n<meta property=\"og:locale\" content=\"ro_RO\" \/>\n<meta property=\"og:type\" content=\"article\" \/>\n<meta property=\"og:title\" content=\"Statie Incarcare PURE II - 22 kW cablu Type 2, 4,5 M - Sion Solution Srl\" \/>\n<meta property=\"og:description\" content=\"Statie Incarcare PURE II - 22 kW cu Cablu Type 2 - 4,5 M - Sion Solution Srl. Vezi toate produsele - Cumpara Acum!\" \/>\n<meta property=\"og:url\" content=\"https:\/\/sionsolution.ro\/shop\/ro\/statie-incarcare-pure-ii-22-kw-cu-cablu-type-2-45-m\/\" \/>\n<meta property=\"og:site_name\" content=\"Sion Solution Srl\" \/>\n<meta property=\"article:modified_time\" content=\"2022-01-28T09:26:51+00:00\" \/>\n<meta property=\"og:image\" content=\"https:\/\/sionsolution.ro\/shop\/wp-content\/uploads\/2021\/10\/statie-incarcare-webasto-PURE-pentru-vehicule-electrice-sion-solution.jpg\" \/>\n\t<meta property=\"og:image:width\" content=\"892\" \/>\n\t<meta property=\"og:image:height\" content=\"900\" \/>\n\t<meta property=\"og:image:type\" content=\"image\/jpeg\" \/>\n<meta name=\"twitter:card\" content=\"summary_large_image\" \/>\n<meta name=\"twitter:label1\" content=\"Timp estimat pentru citire\" \/>\n\t<meta name=\"twitter:data1\" content=\"1 minut\" \/>\n<script type=\"application\/ld+json\" class=\"yoast-schema-graph\">{\"@context\":\"https:\/\/schema.org\",\"@graph\":[{\"@type\":\"WebSite\",\"@id\":\"https:\/\/sionsolution.ro\/shop\/#website\",\"url\":\"https:\/\/sionsolution.ro\/shop\/\",\"name\":\"Sion Solution Srl\",\"description\":\"Servicii inteligente de securitate\",\"potentialAction\":[{\"@type\":\"SearchAction\",\"target\":{\"@type\":\"EntryPoint\",\"urlTemplate\":\"https:\/\/sionsolution.ro\/shop\/?s={search_term_string}\"},\"query-input\":\"required name=search_term_string\"}],\"inLanguage\":\"ro-RO\"},{\"@type\":\"ImageObject\",\"@id\":\"https:\/\/sionsolution.ro\/shop\/ro\/statie-incarcare-pure-ii-22-kw-cu-cablu-type-2-45-m\/#primaryimage\",\"inLanguage\":\"ro-RO\",\"url\":\"https:\/\/sionsolution.ro\/shop\/wp-content\/uploads\/2021\/10\/statie-incarcare-webasto-PURE-pentru-vehicule-electrice-sion-solution.jpg\",\"contentUrl\":\"https:\/\/sionsolution.ro\/shop\/wp-content\/uploads\/2021\/10\/statie-incarcare-webasto-PURE-pentru-vehicule-electrice-sion-solution.jpg\",\"width\":892,\"height\":900,\"caption\":\"statie-incarcare-webasto-PURE-pentru-vehicule-electrice-sion-solution\"},{\"@type\":\"WebPage\",\"@id\":\"https:\/\/sionsolution.ro\/shop\/ro\/statie-incarcare-pure-ii-22-kw-cu-cablu-type-2-45-m\/#webpage\",\"url\":\"https:\/\/sionsolution.ro\/shop\/ro\/statie-incarcare-pure-ii-22-kw-cu-cablu-type-2-45-m\/\",\"name\":\"Statie Incarcare PURE II - 22 kW cablu Type 2, 4,5 M - Sion Solution Srl\",\"isPartOf\":{\"@id\":\"https:\/\/sionsolution.ro\/shop\/#website\"},\"primaryImageOfPage\":{\"@id\":\"https:\/\/sionsolution.ro\/shop\/ro\/statie-incarcare-pure-ii-22-kw-cu-cablu-type-2-45-m\/#primaryimage\"},\"datePublished\":\"2021-10-30T21:05:43+00:00\",\"dateModified\":\"2022-01-28T09:26:51+00:00\",\"description\":\"Statie Incarcare PURE II - 22 kW cu Cablu Type 2 - 4,5 M - Sion Solution Srl. Vezi toate produsele - Cumpara Acum!\",\"breadcrumb\":{\"@id\":\"https:\/\/sionsolution.ro\/shop\/ro\/statie-incarcare-pure-ii-22-kw-cu-cablu-type-2-45-m\/#breadcrumb\"},\"inLanguage\":\"ro-RO\",\"potentialAction\":[{\"@type\":\"ReadAction\",\"target\":[\"https:\/\/sionsolution.ro\/shop\/ro\/statie-incarcare-pure-ii-22-kw-cu-cablu-type-2-45-m\/\"]}]},{\"@type\":\"BreadcrumbList\",\"@id\":\"https:\/\/sionsolution.ro\/shop\/ro\/statie-incarcare-pure-ii-22-kw-cu-cablu-type-2-45-m\/#breadcrumb\",\"itemListElement\":[{\"@type\":\"ListItem\",\"position\":1,\"name\":\"Prima pagin\u0103\",\"item\":\"https:\/\/sionsolution.ro\/shop\/\"},{\"@type\":\"ListItem\",\"position\":2,\"name\":\"Shop\",\"item\":\"https:\/\/sionsolution.ro\/shop\/shop\/\"},{\"@type\":\"ListItem\",\"position\":3,\"name\":\"Statie Incarcare PURE II &#8211; 22 kW cablu Type 2, 4,5 M\"}]}]}<\/script>\n<!-- \/ Yoast SEO plugin. -->","yoast_head_json":{"title":"Statie Incarcare PURE II - 22 kW cablu Type 2, 4,5 M - Sion Solution Srl","description":"Statie Incarcare PURE II - 22 kW cu Cablu Type 2 - 4,5 M - Sion Solution Srl. Vezi toate produsele - Cumpara Acum!","robots":{"index":"index","follow":"follow","max-snippet":"max-snippet:-1","max-image-preview":"max-image-preview:large","max-video-preview":"max-video-preview:-1"},"canonical":"https:\/\/sionsolution.ro\/shop\/ro\/statie-incarcare-pure-ii-22-kw-cu-cablu-type-2-45-m\/","og_locale":"ro_RO","og_type":"article","og_title":"Statie Incarcare PURE II - 22 kW cablu Type 2, 4,5 M - Sion Solution Srl","og_description":"Statie Incarcare PURE II - 22 kW cu Cablu Type 2 - 4,5 M - Sion Solution Srl. Vezi toate produsele - Cumpara Acum!","og_url":"https:\/\/sionsolution.ro\/shop\/ro\/statie-incarcare-pure-ii-22-kw-cu-cablu-type-2-45-m\/","og_site_name":"Sion Solution Srl","article_modified_time":"2022-01-28T09:26:51+00:00","og_image":[{"width":892,"height":900,"url":"https:\/\/sionsolution.ro\/shop\/wp-content\/uploads\/2021\/10\/statie-incarcare-webasto-PURE-pentru-vehicule-electrice-sion-solution.jpg","type":"image\/jpeg"}],"twitter_card":"summary_large_image","twitter_misc":{"Timp estimat pentru citire":"1 minut"},"schema":{"@context":"https:\/\/schema.org","@graph":[{"@type":"WebSite","@id":"https:\/\/sionsolution.ro\/shop\/#website","url":"https:\/\/sionsolution.ro\/shop\/","name":"Sion Solution Srl","description":"Servicii inteligente de securitate","potentialAction":[{"@type":"SearchAction","target":{"@type":"EntryPoint","urlTemplate":"https:\/\/sionsolution.ro\/shop\/?s={search_term_string}"},"query-input":"required name=search_term_string"}],"inLanguage":"ro-RO"},{"@type":"ImageObject","@id":"https:\/\/sionsolution.ro\/shop\/ro\/statie-incarcare-pure-ii-22-kw-cu-cablu-type-2-45-m\/#primaryimage","inLanguage":"ro-RO","url":"https:\/\/sionsolution.ro\/shop\/wp-content\/uploads\/2021\/10\/statie-incarcare-webasto-PURE-pentru-vehicule-electrice-sion-solution.jpg","contentUrl":"https:\/\/sionsolution.ro\/shop\/wp-content\/uploads\/2021\/10\/statie-incarcare-webasto-PURE-pentru-vehicule-electrice-sion-solution.jpg","width":892,"height":900,"caption":"statie-incarcare-webasto-PURE-pentru-vehicule-electrice-sion-solution"},{"@type":"WebPage","@id":"https:\/\/sionsolution.ro\/shop\/ro\/statie-incarcare-pure-ii-22-kw-cu-cablu-type-2-45-m\/#webpage","url":"https:\/\/sionsolution.ro\/shop\/ro\/statie-incarcare-pure-ii-22-kw-cu-cablu-type-2-45-m\/","name":"Statie Incarcare PURE II - 22 kW cablu Type 2, 4,5 M - Sion Solution Srl","isPartOf":{"@id":"https:\/\/sionsolution.ro\/shop\/#website"},"primaryImageOfPage":{"@id":"https:\/\/sionsolution.ro\/shop\/ro\/statie-incarcare-pure-ii-22-kw-cu-cablu-type-2-45-m\/#primaryimage"},"datePublished":"2021-10-30T21:05:43+00:00","dateModified":"2022-01-28T09:26:51+00:00","description":"Statie Incarcare PURE II - 22 kW cu Cablu Type 2 - 4,5 M - Sion Solution Srl. Vezi toate produsele - Cumpara Acum!","breadcrumb":{"@id":"https:\/\/sionsolution.ro\/shop\/ro\/statie-incarcare-pure-ii-22-kw-cu-cablu-type-2-45-m\/#breadcrumb"},"inLanguage":"ro-RO","potentialAction":[{"@type":"ReadAction","target":["https:\/\/sionsolution.ro\/shop\/ro\/statie-incarcare-pure-ii-22-kw-cu-cablu-type-2-45-m\/"]}]},{"@type":"BreadcrumbList","@id":"https:\/\/sionsolution.ro\/shop\/ro\/statie-incarcare-pure-ii-22-kw-cu-cablu-type-2-45-m\/#breadcrumb","itemListElement":[{"@type":"ListItem","position":1,"name":"Prima pagin\u0103","item":"https:\/\/sionsolution.ro\/shop\/"},{"@type":"ListItem","position":2,"name":"Shop","item":"https:\/\/sionsolution.ro\/shop\/shop\/"},{"@type":"ListItem","position":3,"name":"Statie Incarcare PURE II &#8211; 22 kW cablu Type 2, 4,5 M"}]}]}},"_links":{"self":[{"href":"https:\/\/sionsolution.ro\/shop\/wp-json\/wp\/v2\/product\/7478","targetHints":{"allow":["GET"]}}],"collection":[{"href":"https:\/\/sionsolution.ro\/shop\/wp-json\/wp\/v2\/product"}],"about":[{"href":"https:\/\/sionsolution.ro\/shop\/wp-json\/wp\/v2\/types\/product"}],"replies":[{"embeddable":true,"href":"https:\/\/sionsolution.ro\/shop\/wp-json\/wp\/v2\/comments?post=7478"}],"wp:featuredmedia":[{"embeddable":true,"href":"https:\/\/sionsolution.ro\/shop\/wp-json\/wp\/v2\/media\/7628"}],"wp:attachment":[{"href":"https:\/\/sionsolution.ro\/shop\/wp-json\/wp\/v2\/media?parent=7478"}],"wp:term":[{"taxonomy":"brand","embeddable":true,"href":"https:\/\/sionsolution.ro\/shop\/wp-json\/wp\/v2\/etheme_brands?post=7478"},{"taxonomy":"product_cat","embeddable":true,"href":"https:\/\/sionsolution.ro\/shop\/wp-json\/wp\/v2\/product_cat?post=7478"},{"taxonomy":"product_tag","embeddable":true,"href":"https:\/\/sionsolution.ro\/shop\/wp-json\/wp\/v2\/product_tag?post=7478"}],"curies":[{"name":"wp","href":"https:\/\/api.w.org\/{rel}","templated":true}]}}